s 299295 a multiple of 15?
True
Is 654649 a multiple of 4?
False
Does 162 divide 3523176?
True
Is 3546180 a multiple of 110?
True
Is 1309 a factor of 2443903?
True
Does 421 divide 49257?
True
Is 347323 a multiple of 486?
False
Is 17547871 a multiple of 1236?
False
Does 35 divide 24983?
False
Does 714 divide 3893687?
False
Does 65 divide 4134374?
False
Does 97 divide 267358?
False
Is 155 a factor of 435860?
True
Is 221312 a multiple of 8?
True
Is 370 a factor of 8634294?
False
Does 20 divide 3138780?
True
Is 1010638 a multiple of 13?
False
Does 14 divide 145409?
False
Does 50 divide 193327?
False
Does 44 divide 35930?
False
Is 1357 a factor of 2986177?
False
Is 8372 a multiple of 6?
False
Does 10 divide 334931?
False
Is 9088378 a multiple of 13?
True
Is 10 a factor of 200791?
False
Is 193 a factor of 3933147?
True
Is 111598 a multiple of 11?
False
Is 15 a factor of 26205?
True
Does 111 divide 64072?
False
Does 800 divide 3032000?
True
Is 6 a factor of 80750?
False
Does 48 divide 3397632?
True
Is 2020070 a multiple of 82?
True
Does 32 divide 2153190?
False
Does 303 divide 4106628?
False
Is 45614 a multiple of 5?
False
Is 115659 a multiple of 33?
False
Does 133 divide 1377348?
True
Is 72 a factor of 11438280?
True
Is 198170 a multiple of 5?
True
Is 60996 a multiple of 78?
True
Is 3 a factor of 185873?
False
Is 209980 a multiple of 20?
True
Is 35 a factor of 1088500?
True
Does 9 divide 15819?
False
Does 129 divide 14243?
False
Does 542 divide 155554?
True
Does 3 divide 6459063?
True
Does 179 divide 70884?
True
Does 37 divide 3788?
False
Is 191780 a multiple of 172?
True
Is 2550293 a multiple of 438?
False
Is 287250 a multiple of 15?
True
Does 97 divide 142209?
False
Does 5 divide 22875?
True
Is 226303 a multiple of 57?
False
Does 68 divide 36720?
True
Is 59 a factor of 494576?
False
Is 99496 a multiple of 58?
False
Is 1106276 a multiple of 906?
False
Is 93760 a multiple of 485?
False
Is 6909990 a multiple of 1445?
True
Does 24 divide 6078944?
False
Is 21246953 a multiple of 91?
True
Is 614901 a multiple of 21?
True
Is 342 a factor of 99864?
True
Does 122 divide 150306?
False
Is 37 a factor of 738372?
True
Is 10 a factor of 55933?
False
Is 5323198 a multiple of 170?
False
Is 3095980 a multiple of 971?
False
Is 126826 a multiple of 15?
False
Is 702272 a multiple of 136?
False
Is 103 a factor of 4900225?
True
Is 159 a factor of 8745?
True
Is 70 a factor of 127540?
True
Is 50850 a multiple of 6?
True
Does 12 divide 514467?
False
Is 10350617 a multiple of 2011?
True
Does 21 divide 1536219?
False
Does 304 divide 203680?
True
Is 330504 a multiple of 12?
True
Is 248 a factor of 1194864?
True
Is 11 a factor of 202088?
False
Is 432509 a multiple of 287?
True
Is 23 a factor of 125984?
False
Does 9 divide 733218?
False
Does 6 divide 1019786?
False
Is 38 a factor of 6925127?
False
Is 127200 a multiple of 4?
True
Is 495816 a multiple of 6?
True
Is 1936691 a multiple of 629?
True
Is 1067980 a multiple of 67?
True
Is 111107 a multiple of 28?
False
Does 244 divide 457705?
False
Is 43 a factor of 3118718?
False
Is 105252 even?
True
Is 41 a factor of 15226386?
False
Is 1023 a factor of 13403973?
False
Is 133 a factor of 2998618?
True
Does 27 divide 62397?
True
Is 66 a factor of 22883?
False
Is 288983 a multiple of 5?
False
Is 11 a factor of 10099221?
True
Does 88 divide 861920?
False
Does 31 divide 336040?
True
Is 257 a factor of 37777?
False
Is 247968 a multiple of 6?
True
Is 11 a factor of 922625?
True
Is 16 a factor of 957472?
True
Is 200086 a multiple of 3?
False
Is 4727322 a multiple of 23?
False
Is 659904 a multiple of 12?
True
Is 527 a factor of 187612?
True
Is 196751 a multiple of 14?
False
Is 1000944 a multiple of 414?
False
Is 838539 a multiple of 117?
True
Is 357 a factor of 195279?
True
Is 5296210 a multiple of 17?
False
Is 874 a factor of 2598402?
True
Is 767584 a multiple of 34?
True
Is 1830 a multiple of 4?
False
Is 906748 a multiple of 571?
True
Is 338083 a multiple of 125?
False
Does 279 divide 368559?
True
Is 785310 a multiple of 3?
True
Is 12 a factor of 86052?
True
Is 1576691 a multiple of 57?
False
Does 54 divide 146664?
True
Is 39 a factor of 37577492?
False
Is 11 a factor of 426855?
True
Is 28 a factor of 33236?
True
Is 79 a factor of 27492?
True
Is 2 a factor of 276661?
False
Is 35492 a multiple of 19?
True
Is 184020 a multiple of 60?
True
Is 539448 a multiple of 39?
True
Is 1319 a factor of 3941651?
False
Does 606 divide 2103887?
False
Does 808 divide 1401795?
False
Does 214 divide 30786?
False
Is 11088008 a multiple of 257?
True
Does 460 divide 269560?
True
Does 72 divide 2398764?
False
Is 16093 a multiple of 3?
False
Does 237 divide 715503?
True
Is 245528 a multiple of 233?
False
Is 58 a factor of 350011?
False
Does 184 divide 383824?
True
Is 265 a factor of 8425145?
True
Does 330 divide 262504?
False
Does 10 divide 827370?
True
Is 28726 a multiple of 53?
True
Does 21 divide 11571895?
False
Is 510579 a multiple of 742?
False
Is 14680 even?
True
Does 98 divide 845544?
True
Does 67 divide 848358?
False
Is 257 a factor of 184783?
True
Is 6 a factor of 42642?
True
Is 34 a factor of 2336305?
False
Is 2835691 a multiple of 39?
False
Is 603510 a multiple of 30?
True
Is 249665 a multiple of 23?
True
Does 14 divide 16842?
True
Is 126 a factor of 331767?
False
Is 11 a factor of 48879?
False
Is 1344 a factor of 6026727?
False
Does 8 divide 3093656?
True
Is 218 a factor of 5817876?
False
Is 184 a factor of 122993?
False
Is 29523 a multiple of 30?
False
Is 15 a factor of 21082093?
False
Is 72355 a multiple of 5?
True
Is 179355 a multiple of 26?
False
Is 355536 a multiple of 54?
True
Does 5 divide 212072?
False
Is 18 a factor of 152420?
False
Does 275 divide 99825?
True
Is 6 a factor of 455340?
True
Is 283566 a multiple of 303?
False
Is 7060290 a multiple of 51?
False
Is 24 a factor of 747770?
False
Is 374413 a multiple of 11?
False
Does 25 divide 77625?
True
Does 4 divide 796953?
False
Is 77687 a multiple of 15?
False
Does 500 divide 7974500?
True
Does 225 divide 116100?
True
Does 20 divide 1167121?
False
Is 19 a factor of 1963809?
False
Is 21 a factor of 794430?
True
Does 12 divide 65682?
False
Is 242758 a multiple of 477?
False
Does 3 divide 14517?
True
Does 149 divide 20115?
True
Does 11 divide 197845?
False
Does 15 divide 402000?
True
Is 19 a factor of 601447?
False
Does 360 divide 3128018?
False
Does 998 divide 2413586?
False
Is 32 a factor of 515768?
False
Does 46 divide 2447798?
True
Is 23 a factor of 233324?
False
Is 1905038 a multiple of 157?
True
Does 51 divide 164729?
False
Is 185164 a multiple of 4?
True
Is 112 a factor of 1254288?
True
Does 125 divide 2205871?
False
Does 20 divide 167880?
True
Is 199 a factor of 162782?
True
Does 213 divide 676227?
False
Is 1363733 a multiple of 6?
False
Is 33846 a multiple of 271?
False
Is 4997 a multiple of 10?
False
Does 32 divide 3236785?
False
Does 8 divide 1130200?
True
Is 1018296 a multiple of 12?
True
Is 5120 a multiple of 20?
True
Is 879662 a multiple of 18?
False
Does 47 divide 540124?
True
Is 328 a factor of 25218597?
False
Is 103 a factor of 3763315?
False
Is 135934 a multiple of 52?
False
Is 47955 a multiple of 115?
True
Is 104 a factor of 1309823?
False
Is 57879 a multiple of 109?
True
Does 14 divide 2583807?
False
Does 2 divide 758836?
True
Is 1162156 a multiple of 20?
False
Is 198617 a multiple of 20?
False
Is 158986 a multiple of 732?
False
Is 103517 a multiple of 49?
False
Is 1720599 a multiple of 8?
False
Is 80 a factor of 889262?
False
Is 30 a factor of 67803?
False
Is 162 a factor of 1073412?
True
Does 42 divide 33642?
True
Is 13398612 a multiple of 274?
False
Is 2412197 a multiple of 191?
False
Is 43191 a multiple of 9?
True
Is 2718378 a multiple of 39?
True
Does 1031 divide 5148841?
False
Is 213281 a multiple of 51?
False
Is 167348 a multiple of 23?
True
Does 125 divide 4151164?
False
Does 19 divide 299896?
True
Is 20 a factor of 1216836?
False
Is 15151 a multiple of 128?
False
Is 918101 a multiple of 71?
True
Is 23860234 a multiple of 84?
False
Is 166 a factor of 1917466?
True
Does 6 divide 102265?
False
Does 251 divide 400596?
True
Does 125 divide 67619?
False
Does 17 divide 645150?
True
Does 440 divide 770391?
False
Does 328 divide 4277381?
False
Is 479336 a multiple of 13?
T